its digit of w?
0
Let w be (-78)/(-18) + 1/(-3). Suppose b - 37 = 2*f - f, w*f + 3*b = -162. Let c = 81 + f. What is the tens digit of c?
4
Suppose 157 - 37 = 3*n. Suppose a - n = 72. Suppose 0 = -2*l - 2*m + a, m = 2*m - 5. What is the tens digit of l?
5
Let g = 8 - 5. Suppose 0 = -6*x + 2*x - l + 254, 4*x = -g*l + 258. What is the tens digit of x?
6
Let z = 220 + -162. What is the units digit of z?
8
Let q(i) = -3*i + 18. Suppose 0 = c + 4*p + 12, -c - 5*p = -3*c + 15. What is the units digit of q(c)?
8
Suppose -3*x = -6, 5*c + 5*x - 86 = 189. Suppose 353 = 2*n - c. What is the tens digit of n?
0
Let j(i) = -24*i - 3. Let b be j(1). Let t = b + 274. What is the units digit of t?
7
Let h(l) = -3*l**3 - 7*l**2 + 46*l + 14. What is the tens digit of h(-9)?
2
Let l(p) = p**2 - 6*p + 10. Let u be l(4). Suppose -u*n + 6 = 4. What is the units digit of n + 1/((-4)/(-160))?
1
Suppose 7*q - 2*q = 650. Suppose -2*p - 5*j + q = -7*p, -p - 4*j = 36. Let f = p + 66. What is the tens digit of f?
3
Let a(g) = 62*g - 8. Let i be a(-2). Let d = -88 - i. What is the tens digit of d?
4
Let j(a) = a**3 + 23*a**2 - 26*a - 372. What is the units digit of j(-22)?
4
Suppose 6*o - 4*o = -2*d + 1272, 2*d = -o + 634. What is the hundreds digit of o?
6
Suppose -397 = -2*w - 5*g, -3*w + 751 = -3*g + 187. What is the tens digit of w?
9
Suppose 46*h = 42*h - 5*i + 2696, -5*i = 0. What is the units digit of h?
4
Let x = 49 - 30. Let g = x - 16. Suppose g*u = u + 102. What is the units digit of u?
1
Suppose -q + 2*r = -227, 4*q - 453 = r + 476. What is the units digit of q?
3
Let f(c) = 2*c**3 + 6*c + 2. Let u be f(-3). Let d be (-40)/u - 808/(-7). Suppose 3*s + 54 = h + 175, -3*s = -2*h - d. What is the tens digit of s?
4
Suppose 0 = -b + k - 4*k + 111, 3*b - 309 = -3*k. Let c = b - -47. What is the tens digit of c?
4
Let m(q) = 7*q**2 + q - 1. Let s be m(1). Suppose s*v - 3*v = 308. Suppose -v = -3*x + 4. What is the units digit of x?
7
Let f be (-164)/(-16) + 6/(-24). Let r = f + 176. What is the units digit of r?
6
Let o(b) = 2 - 16 - b + 6 + 3. What is the units digit of o(-6)?
1
Let b(a) = 137*a + 172. What is the units digit of b(15)?
7
Suppose -89*t + 90*t = 3561. What is the thousands digit of t?
3
Let g = -70 + 299. What is the tens digit of g?
2
Suppose 8*j - 3*j = -20. Let c(f) be the third derivative of f**5/60 + f**4/12 + f**3/3 + 5*f**2. What is the tens digit of c(j)?
1
Let b = -895 + 2751. What is the thousands digit of b?
1
Let b(g) = -133*g - 62. Let s be b(-8). Suppose 0 = -5*f - 2*h + s, 0 = 4*f - f + 5*h - 586. What is the hundreds digit of f?
2
Suppose 0 = -2*q - 3*c + 701, 0 = 11*q - 9*q + 2*c - 706. Suppose -d + 297 = 2*p, p = -4*d + 858 + q. What is the tens digit of d?
0
Suppose -2*c - 11*c = -624. What is the tens digit of c?
4
Let m(z) = -6*z - 9. Let b be m(-6). Suppose 0 = 5*g - 3*a + 5*a - b, -a = -g + 4. Suppose -g*h + 44 = -h. What is the units digit of h?
1
Let r(p) = -p**2 - 10*p - 20. Suppose -3*f + 19 = -4*n - 24, -f = -5. What is the units digit of r(n)?
1
Suppose 4*d + 5*k = -2, -2*d - k + 1 + 1 = 0. Suppose d*a - 14 = 46. What is the units digit of a?
0
What is the hundreds digit of (-1)/4 - 810992/(-448)?
8
Let u(o) = -8*o + 4. Let a be u(4). Let c = -21 + 21. What is the units digit of (c - a)*(-21)/(-28)?
1
What is the hundreds digit of (-26)/(-91) + ((-16652)/(-28) - 1)?
5
Let y(l) = l**3 + 9*l**2 + l + 13. Let d be 36/(-84) + 78/(-14). Let r be y(d). Suppose -5*i + r = -0*i. What is the units digit of i?
3
Suppose 0 = 5*m + k + 31, -2*k + 22 = -0*m - 4*m. Let i = -6 - m. Suppose -3*d = -i*d - 69. What is the units digit of d?
3
Suppose -4*r = -3*r - 18. Suppose -31*i - 145 = -424. Suppose i*h = 3*h + r. What is the units digit of h?
3
Let o be -1 + 4 - (-15 + 2)*-1. Let s(b) = b**3 + b**2 - b + 23. Let d be s(0). Let q = o + d. What is the tens digit of q?
1
Suppose y - 2 + 19 = 4*m, -y = 4*m - 7. Let s be 182 - 1/(m - 2). Suppose 3*g = 5*w - 191, -6*w - 2*g + s = -w. What is the tens digit of w?
3
Let w = 30 - -337. What is the units digit of w?
7
Let t be ((-27)/(-3))/(-3) - 8/(-2). What is the hundreds digit of t/4 + (1893/12 - 1)?
1
Let f = 4828 - 2665. What is the units digit of f?
3
Suppose -2*r = 3*o - 27, 7*o = 4*o + 5*r + 27. Suppose 13*y = o*y + 720. What is the tens digit of y?
8
Suppose -2*r + 67 = l, 0*r - l = -3*r + 108. What is the units digit of r?
5
Let i be 21/28*(4 - 0). Suppose -s + 208 = i*s. Suppose -d = d - s. What is the tens digit of d?
2
Let j(v) = 19*v**2 + 303*v - 8. What is the units digit of j(-16)?
8
Suppose 3*v - 4622 = -2*q, q - 913 - 1380 = 3*v. What is the units digit of q?
5
Let i(w) = -4*w + 3 + 1 + 0. Let l be i(-3). Suppose 2*p - 4*q = l, -96 + 25 = -4*p - 5*q. What is the tens digit of p?
1
Let m be 6/(-9) - 51/(-9). Let i = m + -1. Suppose 0 = -i*s + 22 + 82. What is the units digit of s?
6
Let h = -5 - -3. Let r be 4/8 + h/(-4). Suppose 11 = -4*z - 4*b + 55, -3*b + r = z. What is the units digit of z?
6
Let n = 89 + 21. What is the hundreds digit of n?
1
Let f(r) = 3*r - 2. Let p be f(2). Suppose 0 = -3*o - 0*q + 2*q + 218, -q - 284 = -p*o. Suppose 8*a - 6*a - o = 0. What is the units digit of a?
5
Let o(g) = -2*g**2 - 6*g + 2*g - g + 3 + 0*g. Let p be o(3). Let k = -3 - p. What is the units digit of k?
7
Suppose -3*a - 5 = 7, -a - 579 = -5*g. Suppose -t - 33 = -g. What is the tens digit of t?
8
Suppose 2*f - 9 = 2*b + f, 5*f + 30 = -5*b. Let s be b/(-1)*3/5. Suppose h = 5*y + s*h - 247, -y + 59 = -2*h. What is the units digit of y?
1
Let i(k) = -4*k - 8. Let u be i(-3). Suppose -2*x - 8 + 4 = 0, u*y - 3*x - 10 = 0. What is the units digit of y?
1
What is the hundreds digit of (15/(-30))/((-3)/4356)?
7
Let v(h) = 8*h + 17. Let s be v(7). Let t = 106 - s. What is the tens digit of t?
3
What is the hundreds digit of 10/(-6) - 25/((-525)/49889)?
3
Let c = 21 - 5. Let z = 13 - c. Let o = z + 30. What is the units digit of o?
7
Let q(c) = 627*c - 3. What is the hundreds digit of q(1)?
6
Let z(u) be the third derivative of 37*u**4/24 - 8*u**3/3 + 8*u**2. What is the units digit of z(3)?
5
Let v = -56 + 80. Let k = v + -20. What is the units digit of k?
4
Let g = 8 + -5. Suppose -4*l + 0*t = -4*t - 20, g*t = -l - 3. Suppose 3*a - 2*a = 4*q - 117, -4*a - 78 = -l*q. What is the tens digit of q?
3
Let y(d) = 95*d**3 - 2*d**2 + 1. Let h be y(-1). Let s = -43 - h. What is the tens digit of s?
5
Let h(t) = 2*t**3 + 13*t**2 - 6*t + 7. Let z be h(-7). Suppose -x - 2 = -z*x. What is the tens digit of (684/(-30))/(x/5)?
5
Suppose 7*v = -4*v + 319. Let k = 9 + v. What is the tens digit of k?
3
Let n(f) = -2*f - 14. Let g = -1 + -8. Let r be n(g). Suppose -5*p + 258 = r*b, 4*p - b - b = 222. What is the units digit of p?
4
Let f be 87/9 - 2/(-6). Let k be (-1)/((0 + 1)/(-43)). Suppose 3*r = b + k, 2*b + 0*b - f = 0. What is the tens digit of r?
1
Let k be 5 - (4 - 0 - 2). Let b be (-1)/((-5)/(-10)) + k. Let m = 24 - b. What is the tens digit of m?
2
Suppose -8*w = -23181 + 7109. What is the hundreds digit of w?
0
Let k = -96 - -407. What is the hundreds digit of k?
3
Let f = -5232 + 7490. What is the hundreds digit of f?
2
Let j be 34/(-119) + 240/7. Let c = j - 22. What is the tens digit of c?
1
Let u(t) = -5*t**2 + 2*t**2 + 9 + 5*t + 13*t + 4*t**2. What is the tens digit of u(-19)?
2
Let o(s) = -s**3 + 15*s**2 + 9*s + 15. What is the units digit of o(15)?
0
Let u = -334 - -392. What is the units digit of u?
8
Suppose -p - 3*p = -84. Suppose 0 = y - 4*y + p. What is the units digit of y - -3*(-2)/6?
6
Let o be (-702)/(-7) - 6/21. Suppose -33 = -3*g - 3. Suppose -g + o = 5*a. What is the units digit of a?
8
Suppose 5*v - 14300 = -3*a, -5*a + v = -2*v - 23822. What is the hundreds digit of a?
7
Let s(w) = 19*w**2 + w. Let n be s(1). Suppose -j = -o + n, 3*j + 2 = o - 16. What is the tens digit of o?
2
Suppose 5*t + 3*j = 25, -4*j + 5 = -t + 2*t. Suppose t*x - 490 = 330. What is the hundreds digit of x?
1
Suppose -2 = 3*b - 20. Let j be b/9 - 664/6. Let l = j + 175. What is the tens digit of l?
6
Suppose 0 = -6*d + d - 20. Suppose -2*c + 25 = m, 5*c - 155 = -5*m - 25. Let t = d + m. What is the tens digit of t?
2
Let n be (-30)/(-40) - 178/(-8). Suppose -3*w = 15, -4*d - 5*w + 54 = -149. Suppose f + n -